852.
2, 13, 23, 137
List the prime factors of 12011771.
29, 414199
List the prime factors of 1163591.
11, 13, 79, 103
What are the prime factors of 5617528?
2, 7, 100313
List the prime factors of 12122565.
3, 5, 7, 13, 83, 107
List the prime factors of 14059540.
2, 5, 11, 63907
List the prime factors of 287091.
3, 7, 31
List the prime factors of 150806.
2, 75403
What are the prime factors of 4725537?
3, 41, 103, 373
List the prime factors of 14783.
14783
What are the prime factors of 26975384?
2, 263, 12821
What are the prime factors of 34752135?
3, 5, 11, 210619
What are the prime factors of 2059392?
2, 3, 31, 173
List the prime factors of 8306970.
2, 3, 5, 7, 5651
What are the prime factors of 8481181?
17, 23, 109, 199
What are the prime factors of 3771063?
3, 19, 7351
List the prime factors of 1850556.
2, 3, 154213
What are the prime factors of 12658915?
5, 89, 28447
What are the prime factors of 178052?
2, 7, 6359
What are the prime factors of 24483208?
2, 101, 157, 193
What are the prime factors of 76332?
2, 3, 6361
What are the prime factors of 201007?
201007
What are the prime factors of 1984377?
3, 661459
What are the prime factors of 755860?
2, 5, 7, 5399
List the prime factors of 27214947.
3, 79, 4253
List the prime factors of 2231840.
2, 5, 13, 29, 37
List the prime factors of 7021710.
2, 3, 5, 61, 1279
List the prime factors of 685056.
2, 3, 223
List the prime factors of 1488469.
17, 87557
List the prime factors of 92042.
2, 46021
List the prime factors of 681141.
3, 109, 2083
List the prime factors of 1719699.
3, 43, 13331
What are the prime factors of 947836?
2, 29, 8171
What are the prime factors of 1657310?
2, 5, 53, 59
What are the prime factors of 1201491?
3, 133499
List the prime factors of 63036.
2, 3, 17, 103
What are the prime factors of 113394?
2, 3, 18899
List the prime factors of 35784877.
131, 173, 1579
What are the prime factors of 350697?
3, 29, 139
What are the prime factors of 20397606?
2, 3, 109, 31189
What are the prime factors of 2761770?
2, 3, 5, 11, 8369
List the prime factors of 103394.
2, 17, 3041
What are the prime factors of 31729875?
3, 5, 191, 443
What are the prime factors of 1352067?
3, 29, 15541
What are the prime factors of 2271011?
2271011
List the prime factors of 19337627.
73, 264899
What are the prime factors of 1466908?
2, 366727
What are the prime factors of 6040303?
509, 11867
List the prime factors of 28900640.
2, 5, 180629
What are the prime factors of 5218220?
2, 5, 7, 37273
What are the prime factors of 11621507?
11621507
List the prime factors of 670454.
2, 271, 1237
List the prime factors of 57520.
2, 5, 719
List the prime factors of 278298.
2, 3, 15461
List the prime factors of 6870942.
2, 3, 13, 29363
List the prime factors of 197334.
2, 3, 19, 577
What are the prime factors of 6138594?
2, 3, 7, 11, 43, 103
List the prime factors of 535551.
3, 17, 10501
What are the prime factors of 17035623?
3, 11, 41, 1399
List the prime factors of 12762548.
2, 3190637
List the prime factors of 199649.
43, 4643
What are the prime factors of 133453?
113, 1181
List the prime factors of 9192555.
3, 5, 149, 457
List the prime factors of 35398349.
7, 19, 266153
List the prime factors of 4842845.
5, 7, 179, 773
List the prime factors of 866038.
2, 173, 2503
What are the prime factors of 6786345?
3, 5, 487, 929
What are the prime factors of 199174?
2, 53, 1879
List the prime factors of 4315730.
2, 5, 101, 4273
List the prime factors of 2086186.
2, 53, 19681
What are the prime factors of 145024?
2, 11, 103
List the prime factors of 753597.
3, 13, 19, 113
What are the prime factors of 19515254?
2, 11, 887057
What are the prime factors of 2338518?
2, 3, 7, 13, 4283
What are the prime factors of 295538?
2, 147769
What are the prime factors of 3572946?
2, 3, 13, 15269
What are the prime factors of 541609?
113, 4793
List the prime factors of 889718.
2, 444859
What are the prime factors of 9247667?
11, 13, 5879
What are the prime factors of 195315?
3, 5, 29, 449
List the prime factors of 869270.
2, 5, 86927
List the prime factors of 6128715.
3, 5, 29, 73, 193
List the prime factors of 2722343.
13, 197, 1063
List the prime factors of 270497.
83, 3259
List the prime factors of 8965725.
3, 5, 173, 691
What are the prime factors of 395874?
2, 3, 7331
List the prime factors of 2470614.
2, 3, 23, 17903
What are the prime factors of 12201309?
3, 467, 2903
List the prime factors of 26105195.
5, 5221039
What are the prime factors of 342740?
2, 5, 17137
What are the prime factors of 4194793?
4194793
What are the prime factors of 1617901?
41, 39461
What are the prime factors of 359116?
2, 89779
List the prime factors of 87595.
5, 17519
List the prime factors of 179854.
2, 19, 4733
What are the prime factors of 403686?
2, 3, 41, 547
What are the prime factors of 18664680?
2, 3, 5, 155539
List the prime factors of 289490.
2, 5, 28949
What are the prime factors of 2258033?
2258033
What are the prime factors of 149886?
2, 3, 11, 757
What are the prime factors of 16709923?
929, 17987
What are the prime factors of 3490754?
2, 277, 6301
What are the prime factors of 455967?
3, 29, 1747
What are the prime factors of 773619?
3, 7, 11, 17, 197
List the prime factors of 2084382.
2, 3, 43, 2693
What are the prime factors of 345453?
3, 115151
List the prime factors of 563893.
11, 51263
List the prime factors of 533459.
533459
What are the prime factors of 37583?
7, 13, 59
What are the prime factors of 20460393?
3, 67, 33931
What are the prime factors of 303777?
3, 11251
List the prime factors of 1800130.
2, 5, 17, 10589
What are the prime factors of 659645?
5, 7, 47, 401
What are the prime factors of 1492726?
2, 746363
List the prime factors of 483201.
3, 53, 1013
What are the prime factors of 11452508?
2, 2863127
List the prime factors of 60464.
2, 3779
List the prime factors of 285684.
2, 3, 7, 19, 179
What are the prime factors of 3324847?
3324847
List the prime factors of 195184.
2, 11, 1109
List the prime factors of 16411900.
2, 5, 337, 487
What are the prime factors of 745812?
2, 3, 20717
What are the prime factors of 1643304?
2, 3, 13, 23, 229
What are the prime factors of 4559350?
2, 5, 67, 1361
What are the prime factors of 813900?
2, 3, 5, 2713
What are the prime factors of 399679?
7, 57097
List the prime factors of 1376061.
3, 229, 2003
List the prime factors of 984444.
2, 3, 82037
List the prime factors of 1238943.
3, 17, 1429
What are the prime factors of 1020616?
2, 113, 1129
List the prime factors of 11253678.
2, 3, 463, 4051
What are the prime factors of 773344?
2, 11, 13
What are the prime factors of 34663?
17, 2039
List the prime factors of 214828.
2, 43, 1249
List the prime factors of 532223.
79, 6737
What are the prime factors of 1066105?
5, 79, 2699
List the prime factors of 481373.
481373
What are the prime factors of 2444705?
5, 47, 101, 103
What are the prime factors of 4202476?
2, 43, 53, 461
What are the prime factors of 1100964?
2, 3, 23, 3989
List the prime factors of 54000.
2, 3, 5
What are the prime factors of 372388?
2, 93097
What are the prime factors of 7520970?
2, 3, 5, 17, 14747
What are the prime factors of 1701457?
103, 16519
What are the prime factors of 3088435?
5, 7, 88241
What are the prime factors of 93992?
2, 31, 379
What are the prime factors of 7672423?
11, 17, 89, 461
What are the prime factors of 1603106?
2, 19, 42187
What are the prime factors of 94652?
2, 23663
What are the prime factors of 1870790?
2, 5, 29, 6451
What are the prime factors of 19859?
7, 2837
What are the prime factors of 327235?
5, 65447
What are the prime factors of 2015489?
7, 83, 3469
What are the prime factors of 1998245?
5, 29, 13781
What are the prime factors of 924502?
2, 19, 24329
What are the prime factors of 657414?
2, 3, 36523
What are the prime factors of 1014172?
2, 253543
What are the prime factors of 344623?
251, 1373
List the prime factors of 1687736.
2, 210967
What are the prime factors of 334836?
2, 3, 71, 131
List the prime factors of 172237.
13, 13249
List the prime factors of 75992.
2, 7, 23, 59
List the prime factors of 1619402.
2, 809701
List the prime factors of 391032.
2, 3, 5431
List the prime factors of 3998295.
3, 5, 7, 4231
What are the prime factors of 16147274?
2, 11, 13, 43, 101
What a